{"id":685,"date":"2018-07-25T15:06:42","date_gmt":"2018-07-25T18:06:42","guid":{"rendered":"https:\/\/isfd6031-sal.infd.edu.ar\/sitio\/?page_id=685"},"modified":"2021-10-18T16:17:42","modified_gmt":"2021-10-18T19:17:42","slug":"autoridades","status":"publish","type":"page","link":"https:\/\/isfd6031-sal.infd.edu.ar\/sitio\/institucional\/autoridades\/","title":{"rendered":"Autoridades"},"content":{"rendered":"\n<h4 class=\"wp-block-heading\"><span data-mce-mark=\"1\"><strong>SECRETAR\u00cdA<\/strong><\/span><\/h4>\n\n\n\n<p><strong>RECTOR<\/strong><\/p>\n\n\n\n<p>Ram\u00f3n Vald\u00e9z<\/p>\n\n\n\n<p><strong>PRECEPTORES<\/strong><\/p>\n\n\n\n<ul><li>Rebeca Rodr\u00edguez<\/li><li>Mart\u00ednez Jos\u00e9<\/li><li>Rita Aguirre<\/li><\/ul>\n\n\n\n<h4 class=\"wp-block-heading\">&nbsp;<\/h4>\n\n\n\n<h4 class=\"wp-block-heading\"><strong>COORDINACIONES<\/strong><\/h4>\n\n\n\n<p><strong>Coordinadora Institucional<\/strong><\/p>\n\n\n\n<p>Rosana Gallardo<\/p>\n\n\n\n<p><strong>Coordinadora del Profesorado de Educaci\u00f3n Secundaria en Geograf\u00eda<\/strong><\/p>\n\n\n\n<p>Romina Taglioli<\/p>\n\n\n\n<p><span data-mce-mark=\"1\">E-mail:<\/span> romitaglioli@gmail.com<\/p>\n","protected":false},"excerpt":{"rendered":"<p>SECRETAR\u00cdA RECTOR Ram\u00f3n Vald\u00e9z PRECEPTORES Rebeca Rodr\u00edguez Mart\u00ednez Jos\u00e9 Rita Aguirre &nbsp; COORDINACIONES Coordinadora Institucional Rosana Gallardo Coordinadora del Profesorado de Educaci\u00f3n Secundaria en Geograf\u00eda Romina Taglioli E-mail: romitaglioli@gmail.com<\/p>\n","protected":false},"author":6,"featured_media":0,"parent":683,"menu_order":0,"comment_status":"closed","ping_status":"closed","template":"","meta":[],"acf":[],"_links":{"self":[{"href":"https:\/\/isfd6031-sal.infd.edu.ar\/sitio\/wp-json\/wp\/v2\/pages\/685"}],"collection":[{"href":"https:\/\/isfd6031-sal.infd.edu.ar\/sitio\/wp-json\/wp\/v2\/pages"}],"about":[{"href":"https:\/\/isfd6031-sal.infd.edu.ar\/sitio\/wp-json\/wp\/v2\/types\/page"}],"author":[{"embeddable":true,"href":"https:\/\/isfd6031-sal.infd.edu.ar\/sitio\/wp-json\/wp\/v2\/users\/6"}],"replies":[{"embeddable":true,"href":"https:\/\/isfd6031-sal.infd.edu.ar\/sitio\/wp-json\/wp\/v2\/comments?post=685"}],"version-history":[{"count":7,"href":"https:\/\/isfd6031-sal.infd.edu.ar\/sitio\/wp-json\/wp\/v2\/pages\/685\/revisions"}],"predecessor-version":[{"id":794,"href":"https:\/\/isfd6031-sal.infd.edu.ar\/sitio\/wp-json\/wp\/v2\/pages\/685\/revisions\/794"}],"up":[{"embeddable":true,"href":"https:\/\/isfd6031-sal.infd.edu.ar\/sitio\/wp-json\/wp\/v2\/pages\/683"}],"wp:attachment":[{"href":"https:\/\/isfd6031-sal.infd.edu.ar\/sitio\/wp-json\/wp\/v2\/media?parent=685"}],"curies":[{"name":"wp","href":"https:\/\/api.w.org\/{rel}","templated":true}]}}